{"id":724,"date":"2024-05-03T09:56:35","date_gmt":"2024-05-03T07:56:35","guid":{"rendered":"https:\/\/bkkmitte-geschaeftsbericht.de\/bkkmitte2023\/?page_id=724"},"modified":"2024-08-01T14:19:01","modified_gmt":"2024-08-01T12:19:01","slug":"dialoge-weiterfuehren","status":"publish","type":"page","link":"https:\/\/bkkmitte-geschaeftsbericht.de\/bkkmitte2023\/dialoge-weiterfuehren\/","title":{"rendered":"Dialoge weiterf\u00fchren"},"content":{"rendered":"\t\t<div data-elementor-type=\"wp-page\" data-elementor-id=\"724\" class=\"elementor elementor-724\" data-elementor-post-type=\"page\">\n\t\t\t\t\t\t<section class=\"elementor-section elementor-top-section elementor-element elementor-element-82f5a2c elementor-section-stretched elementor-section-boxed elementor-section-height-default elementor-section-height-default\" data-id=\"82f5a2c\" data-element_type=\"section\" data-settings=\"{&quot;stretch_section&quot;:&quot;section-stretched&quot;,&quot;background_background&quot;:&quot;classic&quot;}\">\n\t\t\t\t\t\t<div class=\"elementor-container elementor-column-gap-default\">\n\t\t\t\t\t<div class=\"elementor-column elementor-col-100 elementor-top-column elementor-element elementor-element-85c81a2\" data-id=\"85c81a2\" data-element_type=\"column\">\n\t\t\t<div class=\"elementor-widget-wrap elementor-element-populated\">\n\t\t\t\t\t\t<div class=\"elementor-element elementor-element-f818a6f elementor-widget elementor-widget-heading\" data-id=\"f818a6f\" data-element_type=\"widget\" data-widget_type=\"heading.default\">\n\t\t\t\t<div class=\"elementor-widget-container\">\n\t\t\t\t\t<h2 class=\"elementor-heading-title elementor-size-default\">Im Gespr\u00e4ch mit den Sozialgerichten<\/h2>\t\t\t\t<\/div>\n\t\t\t\t<\/div>\n\t\t\t\t\t<\/div>\n\t\t<\/div>\n\t\t\t\t\t<\/div>\n\t\t<\/section>\n\t\t\t\t<section class=\"elementor-section elementor-top-section elementor-element elementor-element-fdba34d elementor-section-stretched elementor-section-boxed elementor-section-height-default elementor-section-height-default\" data-id=\"fdba34d\" data-element_type=\"section\" data-settings=\"{&quot;stretch_section&quot;:&quot;section-stretched&quot;,&quot;background_background&quot;:&quot;classic&quot;}\">\n\t\t\t\t\t\t<div class=\"elementor-container elementor-column-gap-default\">\n\t\t\t\t\t<div class=\"elementor-column elementor-col-50 elementor-top-column elementor-element elementor-element-4e9f131\" data-id=\"4e9f131\" data-element_type=\"column\">\n\t\t\t<div class=\"elementor-widget-wrap elementor-element-populated\">\n\t\t\t\t\t\t<div class=\"elementor-element elementor-element-07f6320 elementor-widget elementor-widget-text-editor\" data-id=\"07f6320\" data-element_type=\"widget\" data-widget_type=\"text-editor.default\">\n\t\t\t\t<div class=\"elementor-widget-container\">\n\t\t\t\t\t\t\t\t\t<p>Die seit vielen Jahren etablierte und sehr erfolgreiche Veranstaltung \u201eSozialgerichte und BKK im Dialog\u201c wurde auch im Jahr 2023 erneut durchgef\u00fchrt.<\/p><p>Im November 2023 fand das Format als hybride Veranstaltung im Leineschloss in Hannover statt. Mit professioneller Video-, Licht- und Tontechnik wurden die Vortr\u00e4ge und Gespr\u00e4che der Referenten per Live-Streaming \u00fcbertragen.<\/p><p>Nach der Er\u00f6ffnung durch Andr\u00e9 Resner, den leitenden Justiziar des BKK Landesverbandes Mitte und Moderator der Veranstaltung, berichteten die drei Referenten Dr. Bernhard Joachim Scholz, Richter am Bundessozialgericht, Michael Phieler, Vorsitzender Richter am Landessozialgericht Niedersachsen-Bremen und Michael Kanert, Richter am Sozialgericht Berlin, von der aktuellen Rechtsprechung der drei sozialgerichtlichen Instanzen.<\/p><p>Die drei Richter stellten eindrucksvoll und praxisnah F\u00e4lle und Entscheidungen der Rechtsprechung vor und diskutierten gemeinsam Fallkonstellationen. Auch das Publikum wurde in die lebendigen Vortr\u00e4ge einbezogen: die Erfahrungen der Teilnehmenden aus der Praxis und der rege Austausch zwischen den Richtern und den Teilnehmenden bereicherte die hybride Veranstaltung. Zudem wurde die M\u00f6glichkeit f\u00fcr Fragen an die Richter durch die G\u00e4ste vor Ort, aber auch \u00fcber den Chat der online Teilnehmenden vielf\u00e4ltig genutzt.\u00a0<\/p><p>Mehr als 80 G\u00e4ste verfolgten die Veranstaltung online &#8211; alleine oder gemeinschaftlich &#8211; an ihren Bildschirmen. Einige Vertreterinnen und Vertreter von Betriebskrankenkassen und des Medizinischen Dienstes reisten trotz des winterlichen Wetters zur Veranstaltung in Hannover und beteiligten sich rege an den Gespr\u00e4chen vor Ort.<\/p><p>Aufgrund der gro\u00dfen Resonanz wird es auch im Jahr 2024 wieder ein Gespr\u00e4ch mit den Sozialgerichten geben: geplant ist der 20. November 2024.<\/p>\t\t\t\t\t\t\t\t<\/div>\n\t\t\t\t<\/div>\n\t\t\t\t\t<\/div>\n\t\t<\/div>\n\t\t\t\t<div class=\"elementor-column elementor-col-50 elementor-top-column elementor-element elementor-element-5623115\" data-id=\"5623115\" data-element_type=\"column\">\n\t\t\t<div class=\"elementor-widget-wrap elementor-element-populated\">\n\t\t\t\t\t\t<div class=\"elementor-element elementor-element-668243a elementor-hidden-desktop elementor-hidden-tablet elementor-hidden-mobile elementor-widget elementor-widget-image\" data-id=\"668243a\" data-element_type=\"widget\" data-widget_type=\"image.default\">\n\t\t\t\t<div class=\"elementor-widget-container\">\n\t\t\t\t\t\t\t\t\t\t\t\t<figure class=\"wp-caption\">\n\t\t\t\t\t\t\t\t\t\t<img fetchpriority=\"high\" decoding=\"async\" width=\"1000\" height=\"719\" src=\"https:\/\/bkkmitte-geschaeftsbericht.de\/bkkmitte2023\/wp-content\/uploads\/dialog6.jpg\" class=\"attachment-large size-large wp-image-929\" alt=\"\" srcset=\"https:\/\/bkkmitte-geschaeftsbericht.de\/bkkmitte2023\/wp-content\/uploads\/dialog6.jpg 1000w, https:\/\/bkkmitte-geschaeftsbericht.de\/bkkmitte2023\/wp-content\/uploads\/dialog6-512x368.jpg 512w, https:\/\/bkkmitte-geschaeftsbericht.de\/bkkmitte2023\/wp-content\/uploads\/dialog6-768x552.jpg 768w\" sizes=\"(max-width: 1000px) 100vw, 1000px\" \/>\t\t\t\t\t\t\t\t\t\t\t<figcaption class=\"widget-image-caption wp-caption-text\">v.l.n.r. Michael Kanert, Michael Phieler, Dr. Bernhard Joachim Scholz, Andr\u00e9 Resner<\/figcaption>\n\t\t\t\t\t\t\t\t\t\t<\/figure>\n\t\t\t\t\t\t\t\t\t<\/div>\n\t\t\t\t<\/div>\n\t\t\t\t<div class=\"elementor-element elementor-element-90e11e3 elementor-widget elementor-widget-slick-slider-gallery\" data-id=\"90e11e3\" data-element_type=\"widget\" data-widget_type=\"slick-slider-gallery.default\">\n\t\t\t\t<div class=\"elementor-widget-container\">\n\t\t\t\t\t\n<div class=\"slick-slider-gallery elementor-widget-image\">\n    <div class=\"slick-slider-header\">\n        <figure>\n            <img decoding=\"async\" class=\"slick-slider-image\" src=\"\" alt=\"\">\n            <figcaption>\n                <div class=\"caption\">\n                    <p><\/p>\n                <\/div>\n            <\/figcaption>\n        <\/figure>\n    <\/div>\n\n    <div class=\"slick-slider-gallery-swipe\">\n                    <div class=\"clickable-slide\">\n                <img decoding=\"async\" src=\"https:\/\/bkkmitte-geschaeftsbericht.de\/bkkmitte2023\/wp-content\/uploads\/3-1.jpg\" alt=\"Er\u00f6ffnung durch Andr\u00e9 Resner\">\n            <\/div>\n                    <div class=\"clickable-slide\">\n                <img decoding=\"async\" src=\"https:\/\/bkkmitte-geschaeftsbericht.de\/bkkmitte2023\/wp-content\/uploads\/2-1.jpg\" alt=\"\">\n            <\/div>\n                    <div class=\"clickable-slide\">\n                <img decoding=\"async\" src=\"https:\/\/bkkmitte-geschaeftsbericht.de\/bkkmitte2023\/wp-content\/uploads\/1-1.jpg\" alt=\"v.l.n.r. Michael Kanert, Michael Phieler, Dr. Bernhard Joachim Scholz, Andr\u00e9 Resner\">\n            <\/div>\n                    <div class=\"clickable-slide\">\n                <img decoding=\"async\" src=\"https:\/\/bkkmitte-geschaeftsbericht.de\/bkkmitte2023\/wp-content\/uploads\/4.jpg\" alt=\"Michael Kanert, Michael Phieler und Dr. Bernhard Joachim Scholz im Gespr\u00e4ch\">\n            <\/div>\n                    <div class=\"clickable-slide\">\n                <img decoding=\"async\" src=\"https:\/\/bkkmitte-geschaeftsbericht.de\/bkkmitte2023\/wp-content\/uploads\/6-1.jpg\" alt=\"\">\n            <\/div>\n            <\/div>\n<\/div>\n\t\t\t\t<\/div>\n\t\t\t\t<\/div>\n\t\t\t\t\t<\/div>\n\t\t<\/div>\n\t\t\t\t\t<\/div>\n\t\t<\/section>\n\t\t\t\t<section class=\"elementor-section elementor-top-section elementor-element elementor-element-a98499c elementor-section-boxed elementor-section-height-default elementor-section-height-default\" data-id=\"a98499c\" data-element_type=\"section\">\n\t\t\t\t\t\t<div class=\"elementor-container elementor-column-gap-default\">\n\t\t\t\t\t<div class=\"elementor-column elementor-col-100 elementor-top-column elementor-element elementor-element-a10a961\" data-id=\"a10a961\" data-element_type=\"column\">\n\t\t\t<div class=\"elementor-widget-wrap elementor-element-populated\">\n\t\t\t\t\t\t<div class=\"elementor-element elementor-element-4adfa54 elementor-widget elementor-widget-spacer\" data-id=\"4adfa54\" data-element_type=\"widget\" data-widget_type=\"spacer.default\">\n\t\t\t\t<div class=\"elementor-widget-container\">\n\t\t\t\t\t\t\t<div class=\"elementor-spacer\">\n\t\t\t<div class=\"elementor-spacer-inner\"><\/div>\n\t\t<\/div>\n\t\t\t\t\t\t<\/div>\n\t\t\t\t<\/div>\n\t\t\t\t\t<\/div>\n\t\t<\/div>\n\t\t\t\t\t<\/div>\n\t\t<\/section>\n\t\t\t\t<\/div>\n\t\t","protected":false},"excerpt":{"rendered":"<p>Im Gespr\u00e4ch mit den Sozialgerichten Die seit vielen Jahren etablierte und sehr erfolgreiche Veranstaltung \u201eSozialgerichte und BKK im Dialog\u201c wurde auch im Jahr 2023 erneut durchgef\u00fchrt. Im November 2023 fand das Format als hybride Veranstaltung im Leineschloss in Hannover statt. Mit professioneller Video-, Licht- und Tontechnik wurden die Vortr\u00e4ge und Gespr\u00e4che der Referenten per Live-Streaming&hellip;<\/p>\n","protected":false},"author":2,"featured_media":0,"parent":0,"menu_order":12,"comment_status":"closed","ping_status":"closed","template":"","meta":{"footnotes":""},"class_list":["post-724","page","type-page","status-publish","hentry"],"_links":{"self":[{"href":"https:\/\/bkkmitte-geschaeftsbericht.de\/bkkmitte2023\/wp-json\/wp\/v2\/pages\/724","targetHints":{"allow":["GET"]}}],"collection":[{"href":"https:\/\/bkkmitte-geschaeftsbericht.de\/bkkmitte2023\/wp-json\/wp\/v2\/pages"}],"about":[{"href":"https:\/\/bkkmitte-geschaeftsbericht.de\/bkkmitte2023\/wp-json\/wp\/v2\/types\/page"}],"author":[{"embeddable":true,"href":"https:\/\/bkkmitte-geschaeftsbericht.de\/bkkmitte2023\/wp-json\/wp\/v2\/users\/2"}],"replies":[{"embeddable":true,"href":"https:\/\/bkkmitte-geschaeftsbericht.de\/bkkmitte2023\/wp-json\/wp\/v2\/comments?post=724"}],"version-history":[{"count":0,"href":"https:\/\/bkkmitte-geschaeftsbericht.de\/bkkmitte2023\/wp-json\/wp\/v2\/pages\/724\/revisions"}],"wp:attachment":[{"href":"https:\/\/bkkmitte-geschaeftsbericht.de\/bkkmitte2023\/wp-json\/wp\/v2\/media?parent=724"}],"curies":[{"name":"wp","href":"https:\/\/api.w.org\/{rel}","templated":true}]}}